 l be (-4)/(-2)*(d + 11). Let p = l + 61. Let i(x) = x - 8. Calculate i(p).
-1
Suppose 103 + 23 = 6*p. Suppose -c - 4*c - 4*h = -25, c = -4*h + p. Let r(t) = -4*t. Give r(c).
-4
Let v be (-9)/(-3)*((-28)/(-140) + (-14)/(-30)). Let j(l) = 6*l**3 - 3*l**2 + l + 3. Give j(v).
41
Let w(v) = -v - 69*v**3 - 65*v**3 - 17 - v**2 - 67*v**3 - 73*v**3 + 337*v**3 - 62*v**3. Suppose -5 = -d, 20 = -4*l - l + 4*d. Determine w(l).
-17
Suppose -6 - 4 = -5*t. Suppose -22*z = -45 - 21. Let c(x) = 38 + x**t - x + 3*x**z - x**2 - 39. Calculate c(-1).
-3
Let p(k) = -73*k - 88. Let j(t) = 62*t + 86. Let h(l) = 6*j(l) + 5*p(l). Suppose -11 + 1 = w. Let d be h(w). Let f(i) = i**2 - 7*i + 3. Calculate f(d).
-3
Let r(z) = -2*z**2 - 5*z + 3. Let o be r(-4). Let w = 388 + -386. Let l(n) = -7 + 0*n**3 - 9*n + 10*n**w + 4*n**3 + 17*n - 3*n**3. Determine l(o).
2
Suppose 17*b + 14*b = -28*b + 708. Let m(z) = z**3 - 11*z**2 - 17*z + 11. Give m(b).
-49
Let g = 442 - 437. Let h(z) = -z**3 + 2*z**2 + 12*z - 3. Calculate h(g).
-18
Suppose 152 = 2*n - 4*p, -3*p - p - 78 = -n. Let a = n + -67. Let s(m) = -5*m**2 + 9 + m**3 - 10*m + 17*m - 3*m**2. Give s(a).
9
Let r(u) be the third derivative of u**6/120 - u**5/15 - 7*u**4/12 + 17*u**3/3 + 2636*u**2. Give r(2).
-2
Let k = 1 + 3. Let h(p) = 4*p**2 + 6*p - 2. Let g(j) = 3*j**2 + 6*j - 2. Let q = -897 + 901. Let n(x) = q*h(x) - 5*g(x). Determine n(k).
-6
Let a(f) be the second derivative of -f**4/12 + 7*f**3/3 - 3*f**2/2 - 87325*f. Suppose -2*q + 3*r + 40 = 0, -2*r - 2*r - 30 = -q. Give a(q).
-3
Let s = 234/23 + -913/92. Let t(j) be the first derivative of s*j**4 + 7/3*j**3 + 7/2*j**2 + 3*j + 17. Determine t(-6).
-3
Let r = 5 + -1. Suppose -l + 4 = -3*s, -3*s = r*l - 8*l - 20. Let x = l - -2. Let w(p) = -3*p - 9. Determine w(x).
9
Suppose -17*k + 5 = -29. Let z(b) = 13 - b - 43 + 11 + 16 + b**k + 4*b. What is z(-4)?
1
Let v = -53695 + 53701. Let w(n) = n**2 - 11*n + 2. Let x(j) = 3*j**2 - 34*j + 5. Let y(r) = 7*w(r) - 2*x(r). Determine y(v).
-14
Let b(c) = -98*c**2 + 45*c - 41 - 38*c**2 + 133*c**2. What is b(14)?
1
Let q(l) = -2*l**2 - 10*l + 6. Let u be 14*(-38)/(-36) - 8/(-36). Suppose z + u = -4*z - 2*g, 0 = -4*z + 2*g - 30. Give q(z).
6
Let o(p) be the first derivative of 3/2*p**2 - 1/4*p**4 - 15 - p + 1/3*p**3. Let c be o(2). Let n(y) = -2*y**2 + y. Calculate n(c).
-1
Let b(y) be the third derivative of -y**7/5040 + 17*y**6/720 + 5*y**5/6 - 33*y**2 - 3. Let l(w) be the third derivative of b(w). Determine l(8).
9
Let q = 10 + -22. Let p = q - -17. Suppose 0*i = p*t - 4*i + 5, i - 5 = 0. Let m(s) = s**3 - 3*s**2 - s - 4. Give m(t).
-7
Suppose 4*c = 2*g - 10 - 48, -2*g + 51 = 3*c. Let b be (600/96)/(1*(-2)/8). Let o = g + b. Let h(q) = q**3 - 3*q**2 + 3*q - 2. Calculate h(o).
0
Let y(f) = -f**3 + 6*f**2 + 6 - 12404*f - 21*f**2 + 12353*f. Give y(-5).
11
Suppose -79*p + 938 = 113*p - 125*p. Let d(j) = -j**2 + 11*j + 41. Determine d(p).
-1
Let x(f) = 19*f**3 - 11*f**2 + 18*f + 131. Let a(w) = -7*w**3 + 3*w**2 - 6*w - 46. Let y(p) = -8*a(p) - 3*x(p). Determine y(7).
31
Suppose 0 = -4*z - 65 - 835. Let j = -228 - z. Let l(g) = -g**3 - 2*g**2 - 4*g - 3. Calculate l(j).
18
Let d(k) be the first derivative of k**3/3 - k**2/2 - k - 462. Suppose -10*y - 24 = -2*y. Give d(y).
11
Let t(r) be the third derivative of -r**4/4 + 789*r**2. Let v(c) = -c**3 - 6*c**2 + c + 2. Let j be v(-6). Let d be (12/(-8))/(3/j). What is t(d)?
-12
Let j = 133 - 285. Let g = 156 + j. Let d(x) = -x**3 + 5*x**2 - 5*x. Give d(g).
-4
Let g(x) = -x**2 + 8*x - 12. Suppose 1 = t, 0 = 4*c + t - 46 - 139. Let m = 48 - c. Suppose v - m = 0, -13 = -q - 3*v + 2. Give g(q).
-21
Let c(t) = -150*t**2 - 257*t - 42. Let q(p) = -22*p**2 - 37*p - 6. Let w(i) = -4*c(i) + 27*q(i). Determine w(-3).
-27
Suppose 0 = 43*y - 7*y + 14*y - 150. Let i = 7 - 4. Let o(a) = -5 + a**i + 9 - 4 - 4*a - a**2. What is o(y)?
6
Suppose -5*o + 3*j - 15 = 0, -5*o - 15 = 5*j - 0*j. Let z(q) = 0 - q + 3 + q**2 + 6*q. Let x be z(o). Let a(k) = k**3 + 3*k**2 + 2*k + 3. Calculate a(x).
-3
Let w(o) = -o - 24. Suppose -3*j = -5*g + 1 - 24, -4*g + 14 = 3*j. Let l be j/(-3) - (-1 + 7 - -2). What is w(l)?
-14
Let h(v) be the second derivative of -3*v**4/4 - 13*v**3/6 - v**2/2 - 659*v. Calculate h(-1).
3
Let x(f) = f**3 + 23*f**2 - 69*f - 480. Let p be x(-25). Let r(d) = -d**3 - 7*d**2 + 2*d + 42. What is r(p)?
-18
Let r(d) = d + 1. Let s be r(1). Suppose -197 = -6*n - 167. Suppose w - n = -s. Let u(v) = -v**3 + 3*v**2 - 2*v - 1. What is u(w)?
-7
Let g = 20896 + -20894. Let u(s) = -9*s - 2. Let c(y) = -y - 1. Let j(r) = 4*c(r) - u(r). Determine j(g).
8
Let f(j) = -3*j + 16. Let x(r) = -12*r + 64. Let l(p) = 3*f(p) - x(p). Give l(0).
-16
Let f(b) = -7*b - 19. Let r(c) = -6*c - 13. Let g(u) = 5*f(u) - 6*r(u). Determine g(-5).
-22
Let x(v) = -6*v - 85. Let k be (-10 + 34/3)/(20/(-210)). Determine x(k).
-1
Let k(j) = 361*j**2 - j + 6. Let v(o) = 452*o**2 + 7. Let n(m) = 5*k(m) - 4*v(m). Calculate n(0).
2
Let c(s) = 5*s**2 + 30 - 30. Suppose 2*n - 5 = 5*u, 5*u + 284*n + 20 = 289*n. What is c(u)?
5
Let b(r) = -r**3 + 9*r**2 - 3. Let x(y) = -y**2 - y. Let n(t) = t + 18. Let h be n(-17). Let o(s) = h*b(s) + 3*x(s). Let a = 9 - 4. What is o(a)?
7
Let a(p) = -p**2 - 14*p - 27. Suppose -2083*t + 462 = -2116*t. Give a(t).
-27
Let c(q) = -2135 + 540 + 528 + 535 + q + 537. Let s(a) = a**2 - 7*a - 8. Let r be -4*(22/(-8) + 1). Let m be s(r). Determine c(m).
-3
Let k(h) = -4*h + 57. Let o be 10/(70/3) - (-232)/14. Give k(o).
-11
Let n(f) = -18*f**2 - 166. Let r(o) = 5*o**2 + o + 55. Let b(p) = -2*n(p) - 7*r(p). Determine b(-4).
-9
Let f(k) = 16*k**2 - 1. Suppose 0 = -84*h + 81*h + 3*i - 15, 9 = 3*h + 3*i. Calculate f(h).
15
Let y(s) = -4*s + 2. Let g = -293 - -293. Suppose g = -6*l + 2*l, 2*l = -4*p - 20. What is y(p)?
22
Suppose 507*r - 518*r - 110 = 0. Let k(n) = 4*n**2 + 37*n - 21. Determine k(r).
9
Suppose 2*w + 5 = -3*w. Suppose 77 = 42*m - 35*m. Let b(o) = 3 + m + o - 16 - 2*o. What is b(w)?
-1
Let r(z) = 2*z - 4. Let p(c) = -3*c + 4. Let s(f) = -3*p(f) - 4*r(f). Let i be ((-165)/(-297))/((-5)/(-3))*(3 - 3). Give s(i).
4
Let l(j) be the second derivative of j**4/12 - 3*j**3 + 39*j**2 - 785*j. Calculate l(7).
1
Let g(i) be the third derivative of -i**6/120 - i**5/12 + i**4/24 + 3*i**3 + 20*i**2 + i - 10. Calculate g(-5).
13
Let f(w) = -2*w**2 - 20*w + 3. Let g be f(-10). Let r(x) = -13*x + 11*x - g + 7*x. Calculate r(3).
12
Let g(j) = -7*j**3 - 11*j**2 + 8*j + 11. Let z(a) = -10*a**3 - 15*a**2 + 12*a + 16. Let b(q) = -7*g(q) + 5*z(q). Determine b(-2).
11
Let w(z) = -8*z - 17. Suppose -4*t = -3*p - 26, 1213*t - 1218*t + 21 = 2*p. What is w(t)?
-57
Let d(g) = -5*g**2 + 31*g - 89. Let c(v) = -4*v**2 + 23*v - 67. Let a(o) = -9*c(o) + 7*d(o). What is a(-9)?
-29
Let y(z) be the first derivative of -z**5/60 - z**4/24 + 43*z**3/6 + 9*z**2/2 - 5*z - 10. Let b(i) be the second derivative of y(i). Give b(0).
43
Suppose 0 = 5*t - 5, -4*u - t = -10 - 51. Let y(v) = 3*v - 6. Let w be y(5). Suppose -6*q - u = w. Let m(d) = -d + 3. Calculate m(q).
7
Let q(a) be the third derivative of a**6/120 - 3*a**5/20 - 13*a**4/24 + 23*a**3/6 + 6*a**2 + 37. What is q(10)?
-7
Let n be 2/3 - (-2)/(-3). Let l(t) = 49*t - 5. Let x(y) = 114*y - 11. Let z(m) = 7*l(m) - 3*x(m). Calculate z(n).
-2
Let a(i) = 22*i - 68. Let f be (32/48 - (-5)/6)/((-4)/(-8)). Calculate a(f).
-2
Let q(v) = 20*v - 208. Let w be q(12). Let j(i) = 14 + 8 + 13 - 2*i - w. Give j(6).
-9
Let y(r) = r + 30. Suppose 134*o - 126*o + 328 = 0. What is y(o)?
-11
Let i(n) = -n - 1. Suppose -2 = -0*u - 2*u. Suppose -u = 5*m - 11. Suppose 12 = -2*r + 2*a + 2*a, 0 = m*a - 6. What is i(r)?
-1
Let l(t) = -t**2 + t - 1. Let z(f) = -125 + 239 - 4*f - 124 - 5*f**2. Let r(g) = -4*l(g) + z(g). Calculate r(-6).
6
Let v(z) = z**2 - 1. Suppose 28 = -10*t + 158. Let y be 1/2 - 5/(-20)*18. Suppose 6*g - y = t. Determine v(g).
8
Let t(d) = d + 9. Let k(j) = -39*j - 7. Let i be k(-2). Suppose -z + i = 77. Determine t(z).
3
Suppose 19 - 187 = -28*a. Let q(h) be the second derivative of h**4/12 - 5*h**3/6 - 2*h**2 - 130*h. Give q(a).
2
Suppose 5*t = -5*o + 20, -8*t - 5*o = -7*t + 4. Let k(j) = -3*j - 2*j - t*j + 6 - 2*j**2 + 16*j. Calculate k(-2).
-12
Let g(f) = -15*f + 109. Let k be (9/8 + (-1126)/563)/((-2)/16